nvert -312023 (base 5) to base 3.
-112002010
What is -1000 (base 2) in base 9?
-8
606 (base 13) to base 12
710
Convert -b8b (base 16) to base 15.
-d20
What is -75674 (base 8) in base 3?
-1121110012
What is 58b (base 15) in base 6?
5452
Convert 22013 (base 4) to base 11.
539
Convert 1011110101 (base 2) to base 5.
11012
What is -849a (base 16) in base 5?
-2041241
What is -c1b (base 16) in base 2?
-110000011011
Convert -4367 (base 13) to base 16.
-24a4
222221 (base 3) to base 13
43c
-a44d (base 14) to base 11
-1a291
-211201 (base 3) to base 13
-382
-41432 (base 5) to base 6
-20410
What is 10022 (base 6) in base 4?
110132
Convert 56 (base 16) to base 5.
321
What is 2a9 (base 11) in base 4?
11221
What is 231413 (base 5) in base 9?
12416
Convert 686 (base 15) to base 3.
2000200
737 (base 8) to base 7
1253
-55201 (base 6) to base 11
-580a
-1236 (base 11) to base 9
-2181
2498 (base 10) to base 15
b18
What is -101010001001001 (base 2) in base 9?
-32534
-640 (base 15) to base 16
-582
1233 (base 4) to base 7
216
-3737 (base 8) to base 10
-2015
Convert 330a6 (base 11) to base 10.
48032
Convert 91 (base 13) to base 11.
a8
-3838 (base 11) to base 15
-1737
1871 (base 13) to base 7
13421
What is -39b (base 12) in base 11?
-461
Convert -10550 (base 8) to base 15.
-14c1
What is 1441 (base 6) in base 8?
601
Convert -2133 (base 6) to base 16.
-1e9
Convert -1a994 (base 11) to base 10.
-29143
-232 (base 13) to base 4
-11323
What is -11000111111001 (base 2) in base 4?
-3013321
-433205 (base 6) to base 3
-1210222212
Convert -2100101 (base 4) to base 2.
-10010000010001
Convert 21173 (base 11) to base 8.
74136
2113 (base 5) to base 2
100011011
-c31 (base 13) to base 5
-31233
1159 (base 16) to base 10
4441
-364 (base 11) to base 5
-3213
200232 (base 4) to base 6
13410
Convert -101011 (base 3) to base 7.
-541
What is 2b5b (base 16) in base 8?
25533
What is -225041 (base 6) in base 14?
-702d
What is 574 (base 11) in base 10?
686
236 (base 15) to base 11
416
What is -330 (base 15) in base 12?
-500
What is -b95 (base 13) in base 4?
-132331
What is 4032 (base 6) in base 4?
31310
What is -440143 (base 7) in base 6?
-1352024
13415 (base 7) to base 3
11222202
12948 (base 15) to base 6
1135152
Convert 40414 (base 5) to base 11.
1a62
What is 14061 (base 7) in base 12?
2260
Convert -2c35 (base 14) to base 11.
-5a20
What is -1103 (base 6) in base 7?
-513
Convert -11131 (base 4) to base 7.
-1006
Convert -314 (base 9) to base 16.
-100
What is -1124 (base 6) in base 14?
-152
What is 2311 (base 5) in base 6?
1311
What is -2596 (base 10) in base 9?
-3504
What is -1135 (base 9) in base 6?
-3522
1572 (base 13) to base 12
1993
Convert 1000110000101 (base 2) to base 11.
3408
69da (base 16) to base 3
1101011122
What is -110013 (base 4) in base 7?
-3516
Convert -1001001010 (base 2) to base 6.
-2414
-320 (base 12) to base 9
-556
Convert -10892 (base 13) to base 3.
-1112012022
What is -67027 (base 8) in base 3?
-1102122211
What is -100011011100 (base 2) in base 13?
-1056
Convert -1212122211 (base 3) to base 11.
-25824
-30011 (base 4) to base 15
-368
10020 (base 3) to base 4
1113
What is -134423 (base 6) in base 12?
-7413
-1110011010111 (base 2) to base 10
-7383
What is 2778 (base 12) in base 2?
1000111001100
Convert -217 (base 10) to base 3.
-22001
Convert 121110111 (base 3) to base 14.
4533
What is 101101011011 (base 2) in base 4?
231123
What is -104000 (base 8) in base 5?
-2103231
Convert -1c5 (base 15) to base 9.
-505
What is 828d (base 14) in base 13?
a2c5
10f (base 16) to base 8
417
9a0b (base 13) to base 10
21474
Convert -15980 (base 11) to base 15.
-69d3
Convert -100220 (base 3) to base 15.
-12c
-3031 (base 8) to base 2
-11000011001
Convert c4 (base 15) to base 12.
134
1072 (base 9) to base 10
794
What is a511 (base 11) in base 6?
144251
-11100010 (base 2) to base 13
-145
What is 131 (base 8) in base 6?
225
Convert -19173 (base 11) to base 6.
-324101
What is 1037 (base 8) in base 16?
21f
-333302 (base 4) to base 11
-3081
Convert -6461 (base 9) to base 8.
-11221
Convert 1330 (base 9) to base 10.
999
-235134 (base 6) to base 10
-20578
What is 9dc7 (base 14) in base 8?
65433
3230 (base 4) to base 16
ec
Convert 18392 (base 10) to base 6.
221052
What is -1110 (base 6) in base 4?
-10002
What is -11110111 (base 2) in base 9?
-304
Convert 20004 (base 6) to base 4.
220210
Convert 32011 (base 7) to base 14.
2c41
What is 2003221 (base 4) in base 14?
30db
What is -223 (base 7) in base 11?
-a5
Convert 2447 (base 8) to base 12.
91b
What is -12b (base 14) in base 7?
-454
What is 55120 (base 7) in base 12?
7b87
What is -31580 (base 10) in base 16?
-7b5c
20102122 (base 3) to base 9
6378
Convert 189 (base 15) to base 3.
111010
What is -10332203 (base 4) in base 7?
-113303
-2467 (base 11) to base 10
-3219
-2122030 (base 4) to base 10
-9868
Convert -1233 (base 8) to base 7.
-1642
Convert -425 (base 10) to base 4.
-12221
Convert 1100213 (base 4) to base 16.
1427
-2305 (base 9) to base 12
-ba2
Convert 4110 (base 6) to base 14.
48a
Convert -437b (base 12) to base 16.
-1d0f
-a078 (base 12) to base 7
-101435
-3225 (base 7) to base 14
-5bc
-16b2 (base 13) to base 12
-1b38
-100012002 (base 3) to base 14
-2626
40645 (base 12) to base 9
137028
Convert -3018 (base 9) to base 6.
-14112
What is 110000 (base 4) in base 2?
10100000000
-a5a (base 14) to base 7
-5643
What is 6806 (base 11) in base 3?
110021212
101001100100100 (base 2) to base 8
51444
-361 (base 7) to base 12
-13a
What is -1679 (base 11) in base 10?
-2143
d74 (base 16) to base 9
4646
What is 5b5 (base 13) in base 11?
823
-1100001001 (base 2) to base 15
-36c
-301130 (base 4) to base 11
-2417
Convert 1554 (base 7) to base 11.
520
20113 (base 6) to base 13
127b
-1001001110100 (base 2) to base 5
-122344
Convert 1675 (base 14) to base 5.
112043
Convert 1100111001100 (base 2) to base 15.
1e54
-10011011110 (base 2) to base 4
-103132
What is 40003 (base 6) in base 5?
131222
20016 (base 7) to base 11
3688
What is 102 (base 3) in base 11?
10
-200020 (base 3) to base 10
-492
Convert 20071 (base 12) to base 16.
a255
Convert 24b6 (base 16) to base 8.
22266
-1123301 (base 5) to base 4
-10333203
Convert -257 (base 13) to base 14.
-214
Convert -25508 (base 13) to base 16.
-10d60
Convert 5233 (base 11) to base 16.
1b15
667 (base 11) to base 12
567
Convert 13110200 (base 4) to base 5.
1424414
Convert -44304 (base 5) to base 6.
-22131
What is 3070 (base 12) in base 6?
40220
What is 752 (base 10) in base 5?
11002
What is -771 (base 14) in base 9?
-2014
Convert -111011111101001 (base 2) to base 14.
-b289
101000111 (base 2) to base 11
278
84c (base 16) to base 14
aba
Convert -236d (base 14) to base 15.
-1c68
Convert 19a79 (base 13) to base 16.
c3cc
What is -1344 (base 9) in base 15?
-477
What is -755 (base 9) in base 2?
-1001101001
What is -39d (base 14) in base 4?
-23113
-862 (base 11) to base 14
-540
What is -dc2 (base 15) in base 11?
-2375
What is 8365 (base 11) in base 2?
10101101001010
Convert 929b (base 13) to base 5.
1121424
Convert -15201 (base 6) to base 11.
-1927
Convert 1ba (base 15) to base 3.
112211
Convert -635 (base 8) to base 15.
-1c8
Convert 872 (base 9) to base 6.
3145
What is 1430 (base 5) in base 11?
1a9
What is 1000100100 (base 2) in base 14?
2b2
Convert -130503 (base 6) to base 14.
-4463
-47777 (base 9) to base 5
-2010414
Convert 14050 (base 8) to base 15.
1c74
What is 1b7a1 (base 12) in base 4?
21332221
70112 (base 8) to base 5
1404441
Convert 52031 (base 6) to base 3.
100111201
6b09 (base 12) to base 15
3826
195 (base 10) to base 9
236
What is -9267 (base 11) in base 10?
-12294
What is -1102300 (base 4) in base 14?
-1d04
Convert 1a542 (base 12) to base 9.
58175
Convert 702 (base 9) to base 16.
239
Convert 1254 (base 6) to base 2.
101000010
-13103 (base 7) to base 2
-110110011010
Convert -11033 (base 4) to base 12.
-23b
-20031 (base 5) to base 8
-2362
What is 1010000100010 (base 2) in base 15?
17d9
What is 51411 (base 8) in base 10?
21257
Convert -586 (base 14) to base 8.
-2112
What is -1153 (base 8) in base 12?
-437
What is -201010011 (base 3) in base 6?
-144304
164104 (base 7) to base 15
9a0d
Convert 5616 (base 7) to base 2.
11111100110
Convert 1210212 (base 3) to base 11.
a9a
212210 (base 3) to base 13
3a5
2b27 (base 12) to base 5
130241
-71c (base